0 - 442/(-8). Let o = -31 + g. What are the prime factors of o?
5
Suppose -2*t - v + 1488 = -7340, -3*t + 13247 = -v. List the prime factors of t.
5, 883
Let d be 12/(-18)*(-1 - 2). Suppose j + 16 = d*j. Let f = -12 + j. List the prime factors of f.
2
Suppose -f - 32 = 3*f. List the prime factors of f/(-28) + (-948)/(-14).
2, 17
Suppose 2*o - 651 = -3*o + 3*b, 4*o - b - 525 = 0. Let u = o + -58. List the prime factors of u.
2, 37
Suppose 10 = 3*j + 2*j. Let b(y) = 2 + y**j + 2*y - 5 + 0*y - 1. What are the prime factors of b(-4)?
2
List the prime factors of 6231 - 27/(2 + 7).
2, 3, 173
List the prime factors of (2/4)/(45/11430).
127
Let n(g) = -264*g - 574. What are the prime factors of n(-17)?
2, 19, 103
Suppose 3*p - 4*h = -3 - 7, 4*p = -h - 7. List the prime factors of (1 + -227)*p/4.
113
Let s(u) = -u**3 + 15*u**2 + 16*u - 16. What are the prime factors of s(12)?
2, 19
Let i = -475 - -1147. What are the prime factors of i?
2, 3, 7
Let a = -9 - 3. Let l = a + -7. Let n = -10 - l. List the prime factors of n.
3
Suppose 0 = l + 4*x - 37, 0*x - 98 = -2*l + 4*x. Suppose 62 = y - 4*d - l, y + 3*d = 93. What are the prime factors of y?
3, 11
Let j be -1 - (7 + -1)/(-9 - -7). Suppose -37 = -3*g + 2*a, j*a - 1 = -g - 2. List the prime factors of g.
3
Let i = -8 + 4. Let c be (-288)/(-5) - i/10. Suppose 0 = -3*g + z + c, -g - 5*z + z + 28 = 0. List the prime factors of g.
2, 5
Suppose -9*i + 34 + 20 = 0. Suppose 5*l = -4*m + 236, i*m - 3*l - 204 = 3*m. What are the prime factors of m?
2
Suppose -7*s - 1743 = -4*q - 2*s, 5*s - 5 = 0. What are the prime factors of q?
19, 23
Let c(b) = -101*b - 8. Let i be c(-3). Suppose 11*r = 1300 + i. List the prime factors of r.
5, 29
Let t(g) = -g**3 + 17*g**2 - 8*g - 19. Let v be t(16). Suppose 2*p - 197 = -3*b, 0*b - v = -p + 2*b. Let i = -61 + p. What are the prime factors of i?
2, 3, 7
Suppose 0 = -530*a + 538*a - 9272. What are the prime factors of a?
19, 61
Let p(g) = g**2 + 5*g - 4. Let h be p(-6). Suppose -2 = -h*u + u. Let n(s) = s**3 + 3*s**2 - 2*s - 1. What are the prime factors of n(u)?
3, 5
Suppose 9 = 3*o - 3*j, -o + 19 - 4 = -5*j. Suppose l - 3*l = o. Suppose 4*n - 89 - 71 = l. What are the prime factors of n?
2, 5
Suppose -4057 = -3*i - 4*y, -2*i + y + 2099 + 591 = 0. List the prime factors of i.
3, 449
Let u(f) = f**2 + 14*f + 7. Let p be u(-13). List the prime factors of 30/p*(-57)/5.
3, 19
Suppose 57*p - 67*p + 11090 = 0. What are the prime factors of p?
1109
Let b(z) = z**2 + 4*z + 6. Suppose 0*t - 24 = -4*t. Let v be b(t). Let g = v - 37. List the prime factors of g.
29
Let z(i) be the second derivative of -i**5/20 - 7*i**4/12 - 8*i**3/3 - 7*i**2/2 - 14*i. What are the prime factors of z(-6)?
53
Suppose -5*c + 150 = -30. Let m = c + -21. What are the prime factors of m?
3, 5
Suppose 0 = -d + 77 - 7. List the prime factors of d.
2, 5, 7
Let j = -32 - 81. Let b = j + 207. List the prime factors of b.
2, 47
Let n(k) = 51*k**2 - 2*k + 68. What are the prime factors of n(10)?
2, 3, 11, 13
Let u be (-15)/20*(2 - 6). Suppose 8*a - u*a = 0. Suppose 3*g = -2*c + 40, 0 = -3*g - a + 12. What are the prime factors of c?
2, 7
Let h = -15 + 18. Let b be (-1)/h - 4400/48. Let d = b - -131. What are the prime factors of d?
3, 13
Let d = -6 - -6. Suppose -17*z + 22*z - 445 = d. List the prime factors of z.
89
Let s = 235 + -15. List the prime factors of (-6)/(8/s*-1*1).
3, 5, 11
Suppose u = -11 + 7. What are the prime factors of (14/(-4))/(3/u)*36?
2, 3, 7
Let w(q) = -q**3 - q. Let s(r) = -2*r**3 - r**2 - 4*r + 4. Let c(i) = -s(i) + 3*w(i). Let k be c(4). Let a = k + 83. List the prime factors of a.
5, 7
Let x = 320 - 158. Suppose 2*n + x = -4*a + 8*a, -5*a + 205 = -3*n. What are the prime factors of a?
2, 19
Let q = 203 + -200. Let b(a) = 3*a**2 + 4*a + 6. Let f be b(5). Suppose j + q*m - f = -4*j, -2*j + 41 = m. List the prime factors of j.
2, 11
Let n(z) = 2*z**2 + 5*z + 7. Let x be n(-3). What are the prime factors of (2*x)/(12/48)?
2, 5
Suppose 5*q + 2*p - 27 = 0, 33 - 13 = 5*q - 5*p. Let j be (1/3)/((-4)/(-36)). Suppose q*k - 3*o - 259 = o, j*o = -3. What are the prime factors of k?
3, 17
Let r be 132/2*1/2. Let t = r - 28. Suppose 5 = t*h - 5, -192 = -3*w + 3*h. List the prime factors of w.
2, 3, 11
Let q(l) be the third derivative of 11*l**4/24 + 11*l**3/6 - 14*l**2. What are the prime factors of q(3)?
2, 11
Suppose -g = -2*p + 594, -2*g - 1484 = -9*p + 4*p. List the prime factors of p.
2, 37
Suppose 12992 = -7*v + 35*v. List the prime factors of v.
2, 29
Suppose -756*q + 748*q + 17368 = 0. What are the prime factors of q?
13, 167
Let h(c) = -15*c. Let i be h(2). Let b be ((-30)/75)/((-2)/i). Let s(w) = -6*w - 11. What are the prime factors of s(b)?
5
Let v be 8 + (-19)/5 - (-1)/(-5). Suppose 5*h - 710 = -2*i, 122 = -v*h + 5*i + 690. List the prime factors of h.
2, 71
Let i be (-4)/(-10)*(5 - 0) - -605. Let s = i + -289. List the prime factors of s.
2, 3, 53
Let k(q) = q**2 - 3*q - 5. Suppose -4*y = -40 + 8. Suppose 0 = 4*j + y + 12. List the prime factors of k(j).
5, 7
Suppose 2*t - t = 383. Let h = -193 + t. What are the prime factors of h?
2, 5, 19
Let w = -35 + 50. Suppose 8*b - 3*b = w. Suppose -b*z + 1 = -11, -z - 48 = -2*j. List the prime factors of j.
2, 13
Suppose -3*l = 2*r - 0*l - 47, -3*r + 68 = 2*l. Let n = 49 + r. List the prime factors of n.
71
Suppose -3*s - 2*s = 40. What are the prime factors of 6/48 + (-223)/s?
2, 7
Let w = -8 - -6. Let d be (30/(-4))/(-3)*w. Let i(o) = o**2 - o + 11. List the prime factors of i(d).
41
Let m = 67 - -73. Let j(t) = -16*t + 514. Let n be j(32). Suppose -n*r - 3*r + m = 0. List the prime factors of r.
2, 7
Let q = -127 + 476. Let i = q - 203. Suppose 5*a = 2*o - i, 0*o - 4*o + 272 = -5*a. List the prime factors of o.
3, 7
Let c be ((-24)/16)/((-3)/(-4)). List the prime factors of (c*(-2)/(-8))/(9/(-1242)).
3, 23
Let q(m) = 314*m**2 + 5*m - 4. What are the prime factors of q(1)?
3, 5, 7
Let b = 61 + 266. What are the prime factors of b?
3, 109
Suppose -131 - 22 = -3*v. List the prime factors of v.
3, 17
Suppose 7479 = 14*z - 24329. List the prime factors of z.
2, 71
Let s(d) = -d**3 - 5*d**2 + 4*d - 4. Let t be s(-6). Let b(q) = q**3 - 7*q**2 - 8*q + 6. Let h be b(t). Let c = 18 + h. List the prime factors of c.
2, 3
Suppose -5*b + 85 = -5*q, 2*b = 2*q + q + 46. Let o = -54 + 50. What are the prime factors of o/q - 123/(-9)?
2, 7
Let c(w) = -w**2 + 4*w + 35. Let n be c(-4). Suppose 4*f - n*f = 214. List the prime factors of f.
2, 107
Suppose 0 = -6*s + 3*s + 342. Suppose -s = -w - w. Suppose 13*g - 10*g = w. List the prime factors of g.
19
Let v(p) = 2*p - 2. Let d be v(3). Suppose x = 4*x, -d*y + x - 212 = 0. Let j = y + 79. List the prime factors of j.
2, 13
Suppose 3*v - 8566 = 1373. What are the prime factors of v?
3313
Let y = -22 + 33. Let o = -7 + y. Suppose 4*f = o*b - 30 - 10, -2*f + 4 = 0. What are the prime factors of b?
2, 3
Suppose 3*q + 2 = -j + 13, 4*j + 2*q = 24. Suppose -j*k + 0*k = -25. Let i(h) = h**3 - 5*h**2 + 4. What are the prime factors of i(k)?
2
Let w(l) = -l + 3. Suppose 0*h = 2*h - 6. Let c be w(h). Suppose c + 10 = i. List the prime factors of i.
2, 5
What are the prime factors of (-982)/(-16)*10 - 6/8?
613
Let t be -4*((-30)/8)/(-5). Let w = t - -12. Suppose 3*o - 3*g = w, 0*o = -5*o + 4*g + 17. List the prime factors of o.
5
Let p be ((-126)/(-12))/(3/20). Let g be 0 + 3 - p/(-2). Suppose 0 = 4*w - l - g, -2*l + 18 = w + 2*l. List the prime factors of w.
2, 5
Suppose -5*c + 2406 = -c + 2*g, 4*g + 1178 = 2*c. What are the prime factors of c?
599
Let g be (122/6)/(20/21 - 1). Let l = -279 - g. What are the prime factors of l?
2, 37
Suppose -3*d + j = -3305, d + 0*d = -4*j + 1093. List the prime factors of d.
3, 367
Let k(t) = -2*t + 499. What are the prime factors of k(35)?
3, 11, 13
Suppose 2*b = -0*i - 5*i + 173, -2*i = -4*b - 74. Suppose -i*w + 166 = -34*w. What are the prime factors of w?
2, 83
Suppose 5*f - 5*w = 810, 2*f - 2*w + 4*w - 312 = 0. What are the prime factors of f?
3, 53
Let j(n) = 3*n**2 + 4*n - 3. Let k be j(-4). Suppose 0 = k*o - 26*o - 9. Suppose -o*h = -6*h + 90. List the prime factors of h.
2, 3, 5
Suppose -3*x + 16 = 4*t, x - 3*t + 11 = 3*x. Suppose 604 = x*n + 5*r, 3*n + 4*r - 4 = 449. What are t